{"version":"1.0","provider_name":"Finland Festivals","provider_url":"https:\/\/festivals.fi\/fr\/","title":"Festivo - Festival de musique de chambre de Rauma - Finland Festivals","type":"rich","width":600,"height":338,"html":"<blockquote class=\"wp-embedded-content\" data-secret=\"0uUSYQo0C6\"><a href=\"https:\/\/festivals.fi\/fr\/festivals\/festivo-journee-musicale-de-rauma\/\">Festivo &#8211; Festival de musique de chambre de Rauma<\/a><\/blockquote><iframe sandbox=\"allow-scripts\" security=\"restricted\" src=\"https:\/\/festivals.fi\/fr\/festivals\/festivo-journee-musicale-de-rauma\/embed\/#?secret=0uUSYQo0C6\" width=\"600\" height=\"338\" title=\"\u00ab\u00a0Festivo &#8211; Festival de musique de chambre de Rauma\u00a0\u00bb &#8212; Finland Festivals\" data-secret=\"0uUSYQo0C6\" frameborder=\"0\" marginwidth=\"0\" marginheight=\"0\" scrolling=\"no\" class=\"wp-embedded-content\"><\/iframe><script type=\"text\/javascript\">\n\/* <![CDATA[ *\/\n\/*! This file is auto-generated *\/\n!function(d,l){\"use strict\";l.querySelector&&d.addEventListener&&\"undefined\"!=typeof URL&&(d.wp=d.wp||{},d.wp.receiveEmbedMessage||(d.wp.receiveEmbedMessage=function(e){var t=e.data;if((t||t.secret||t.message||t.value)&&!\/[^a-zA-Z0-9]\/.test(t.secret)){for(var s,r,n,a=l.querySelectorAll('iframe[data-secret=\"'+t.secret+'\"]'),o=l.querySelectorAll('blockquote[data-secret=\"'+t.secret+'\"]'),c=new RegExp(\"^https?:$\",\"i\"),i=0;i<o.length;i++)o[i].style.display=\"none\";for(i=0;i<a.length;i++)s=a[i],e.source===s.contentWindow&&(s.removeAttribute(\"style\"),\"height\"===t.message?(1e3<(r=parseInt(t.value,10))?r=1e3:~~r<200&&(r=200),s.height=r):\"link\"===t.message&&(r=new URL(s.getAttribute(\"src\")),n=new URL(t.value),c.test(n.protocol))&&n.host===r.host&&l.activeElement===s&&(d.top.location.href=t.value))}},d.addEventListener(\"message\",d.wp.receiveEmbedMessage,!1),l.addEventListener(\"DOMContentLoaded\",function(){for(var e,t,s=l.querySelectorAll(\"iframe.wp-embedded-content\"),r=0;r<s.length;r++)(t=(e=s[r]).getAttribute(\"data-secret\"))||(t=Math.random().toString(36).substring(2,12),e.src+=\"#?secret=\"+t,e.setAttribute(\"data-secret\",t)),e.contentWindow.postMessage({message:\"ready\",secret:t},\"*\")},!1)))}(window,document);\n\/\/# sourceURL=https:\/\/festivals.fi\/wp-includes\/js\/wp-embed.min.js\n\/* ]]> *\/\n<\/script>\n","thumbnail_url":"https:\/\/festivals.fi\/wp-content\/uploads\/2013\/04\/Rauma-Festivo-in-picture-Toscan-muotokuva-photo-Diego-Casiraghi.jpeg","thumbnail_width":2048,"thumbnail_height":1536,"description":"Construit autour d\u2019un th\u00e8me principal alternant, le festival de musique de chambre Festivo unit chaque ann\u00e9e l\u2019interpr\u00e9tation originale d\u2019\u0153uvres classiques et celle de joyaux moins connus dans l\u2019ambiance ao\u00fbtienne du vieux Rauma et de ses lieux de concert particuliers. Le festival de musique de chambre Festivo organis\u00e9 par l\u2019Association des concerts de Rauma a f\u00eat\u00e9 ses 40 ans en ao\u00fbt 2023."}

Construit autour d’un thème principal alternant, le festival de musique de chambre Festivo unit chaque année l’interprétation originale d’œuvres classiques et celle de joyaux moins connus dans l’ambiance aoûtienne du vieux Rauma et de ses lieux de concert particuliers. Le festival de musique de chambre Festivo organisé par l’Association des concerts de Rauma a fêté ses 40 ans en août 2023.
